{"id":3882,"date":"2023-10-09T13:33:50","date_gmt":"2023-10-09T11:33:50","guid":{"rendered":"https:\/\/leljak.at\/?page_id=3882"},"modified":"2023-10-11T15:49:09","modified_gmt":"2023-10-11T13:49:09","slug":"2-2","status":"publish","type":"page","link":"https:\/\/leljak.at\/index.php\/2-2\/","title":{"rendered":"PRIVACY NOTICE"},"content":{"rendered":"\t\t<div data-elementor-type=\"wp-page\" data-elementor-id=\"3882\" class=\"elementor elementor-3882\" data-elementor-post-type=\"page\">\n\t\t\t\t\t\t\t<div class=\"elementor-element elementor-element-a55bdaa e-con-full e-flex wpr-particle-no wpr-jarallax-no wpr-parallax-no wpr-sticky-section-no e-con e-parent\" data-id=\"a55bdaa\" data-element_type=\"container\" data-settings=\"{&quot;content_width&quot;:&quot;full&quot;}\" data-core-v316-plus=\"true\">\n\t\t<div class=\"elementor-element elementor-element-8a6a35d e-con-full e-flex wpr-particle-no wpr-jarallax-no wpr-parallax-no wpr-sticky-section-no e-con e-child\" data-id=\"8a6a35d\" data-element_type=\"container\" data-settings=\"{&quot;content_width&quot;:&quot;full&quot;}\">\n\t\t\t\t<div class=\"elementor-element elementor-element-1673167 elementor-widget elementor-widget-theme-site-logo elementor-widget-image\" data-id=\"1673167\" data-element_type=\"widget\" data-widget_type=\"theme-site-logo.default\">\n\t\t\t\t<div class=\"elementor-widget-container\">\n\t\t\t<style>\/*! elementor - v3.17.0 - 25-10-2023 *\/\n.elementor-widget-image{text-align:center}.elementor-widget-image a{display:inline-block}.elementor-widget-image a img[src$=\".svg\"]{width:48px}.elementor-widget-image img{vertical-align:middle;display:inline-block}<\/style>\t\t\t\t\t\t\t\t<a href=\"https:\/\/leljak.at\">\n\t\t\t<img decoding=\"async\" width=\"401\" height=\"57\" src=\"https:\/\/leljak.at\/wp-content\/uploads\/2023\/09\/Leljak_logo_final3.svg\" class=\"attachment-full size-full wp-image-3312\" alt=\"\" style=\"width:100%;height:14.21%;max-width:401px\" \/>\t\t\t\t<\/a>\n\t\t\t\t\t\t\t\t\t\t\t<\/div>\n\t\t\t\t<\/div>\n\t\t\t\t<\/div>\n\t\t<div class=\"elementor-element elementor-element-98a2620 e-con-full e-flex wpr-particle-no wpr-jarallax-no wpr-parallax-no wpr-sticky-section-no e-con e-child\" data-id=\"98a2620\" data-element_type=\"container\" data-settings=\"{&quot;content_width&quot;:&quot;full&quot;}\">\n\t\t\t\t<div class=\"elementor-element elementor-element-1360533 wpr-main-menu-align-right wpr-main-menu-align--mobilecenter wpr-pointer-none wpr-sub-icon-none wpr-mobile-menu-custom-width wpr-main-menu-align--tabletleft wpr-sub-menu-fx-fade wpr-nav-menu-bp-mobile wpr-mobile-menu-drdown-align-center wpr-mobile-menu-item-align-center wpr-mobile-toggle-v1 elementor-widget elementor-widget-wpr-nav-menu\" data-id=\"1360533\" data-element_type=\"widget\" data-settings=\"{&quot;menu_layout&quot;:&quot;horizontal&quot;}\" data-widget_type=\"wpr-nav-menu.default\">\n\t\t\t\t<div class=\"elementor-widget-container\">\n\t\t\t<nav class=\"wpr-nav-menu-container wpr-nav-menu-horizontal\" data-trigger=\"hover\"><ul id=\"menu-1-1360533\" class=\"wpr-nav-menu\"><li class=\"menu-item menu-item-type-post_type menu-item-object-page menu-item-home menu-item-109\"><a href=\"https:\/\/leljak.at\/\" class=\"wpr-menu-item wpr-pointer-item\">WORK<\/a><\/li>\n<li class=\"menu-item menu-item-type-post_type menu-item-object-page menu-item-3518\"><a href=\"https:\/\/leljak.at\/index.php\/about-me\/\" class=\"wpr-menu-item wpr-pointer-item\">ABOUT<\/a><\/li>\n<li class=\"menu-item menu-item-type-post_type menu-item-object-page menu-item-3637\"><a href=\"https:\/\/leljak.at\/index.php\/contact\/\" class=\"wpr-menu-item wpr-pointer-item\">CONTACT<\/a><\/li>\n<\/ul><\/nav><nav class=\"wpr-mobile-nav-menu-container\"><div class=\"wpr-mobile-toggle-wrap\"><div class=\"wpr-mobile-toggle\"><span class=\"wpr-mobile-toggle-line\"><\/span><span class=\"wpr-mobile-toggle-line\"><\/span><span class=\"wpr-mobile-toggle-line\"><\/span><\/div><\/div><ul id=\"mobile-menu-2-1360533\" class=\"wpr-mobile-nav-menu\"><li class=\"menu-item menu-item-type-post_type menu-item-object-page menu-item-home menu-item-109\"><a href=\"https:\/\/leljak.at\/\" class=\"wpr-mobile-menu-item\">WORK<\/a><\/li>\n<li class=\"menu-item menu-item-type-post_type menu-item-object-page menu-item-3518\"><a href=\"https:\/\/leljak.at\/index.php\/about-me\/\" class=\"wpr-mobile-menu-item\">ABOUT<\/a><\/li>\n<li class=\"menu-item menu-item-type-post_type menu-item-object-page menu-item-3637\"><a href=\"https:\/\/leljak.at\/index.php\/contact\/\" class=\"wpr-mobile-menu-item\">CONTACT<\/a><\/li>\n<\/ul><\/nav>\t\t<\/div>\n\t\t\t\t<\/div>\n\t\t\t\t<\/div>\n\t\t\t\t<\/div>\n\t\t<div class=\"elementor-element elementor-element-ad6e760 e-flex e-con-boxed wpr-particle-no wpr-jarallax-no wpr-parallax-no wpr-sticky-section-no e-con e-parent\" data-id=\"ad6e760\" data-element_type=\"container\" data-settings=\"{&quot;content_width&quot;:&quot;boxed&quot;}\" data-core-v316-plus=\"true\">\n\t\t\t\t\t<div class=\"e-con-inner\">\n\t\t\t\t<div class=\"elementor-element elementor-element-31346fd elementor-widget elementor-widget-heading\" data-id=\"31346fd\" data-element_type=\"widget\" data-widget_type=\"heading.default\">\n\t\t\t\t<div class=\"elementor-widget-container\">\n\t\t\t<style>\/*! elementor - v3.17.0 - 25-10-2023 *\/\n.elementor-heading-title{padding:0;margin:0;line-height:1}.elementor-widget-heading .elementor-heading-title[class*=elementor-size-]>a{color:inherit;font-size:inherit;line-height:inherit}.elementor-widget-heading .elementor-heading-title.elementor-size-small{font-size:15px}.elementor-widget-heading .elementor-heading-title.elementor-size-medium{font-size:19px}.elementor-widget-heading .elementor-heading-title.elementor-size-large{font-size:29px}.elementor-widget-heading .elementor-heading-title.elementor-size-xl{font-size:39px}.elementor-widget-heading .elementor-heading-title.elementor-size-xxl{font-size:59px}<\/style><h2 class=\"elementor-heading-title elementor-size-default\">DATENSCHUTZERKL\u00c4RUNG<\/h2>\t\t<\/div>\n\t\t\t\t<\/div>\n\t\t\t\t<div class=\"elementor-element elementor-element-9b3eb69 elementor-widget elementor-widget-text-editor\" data-id=\"9b3eb69\" data-element_type=\"widget\" data-widget_type=\"text-editor.default\">\n\t\t\t\t<div class=\"elementor-widget-container\">\n\t\t\t<style>\/*! elementor - v3.17.0 - 25-10-2023 *\/\n.elementor-widget-text-editor.elementor-drop-cap-view-stacked .elementor-drop-cap{background-color:#69727d;color:#fff}.elementor-widget-text-editor.elementor-drop-cap-view-framed .elementor-drop-cap{color:#69727d;border:3px solid;background-color:transparent}.elementor-widget-text-editor:not(.elementor-drop-cap-view-default) .elementor-drop-cap{margin-top:8px}.elementor-widget-text-editor:not(.elementor-drop-cap-view-default) .elementor-drop-cap-letter{width:1em;height:1em}.elementor-widget-text-editor .elementor-drop-cap{float:left;text-align:center;line-height:1;font-size:50px}.elementor-widget-text-editor .elementor-drop-cap-letter{display:inline-block}<\/style>\t\t\t\t<p><strong>Datenschutzhinweis<\/strong><\/p>\n<p>Ihre Datenschutzbelange sind uns wichtig. Deshalb behandeln wir Ihre Daten im Einklang mit den rechtlichen Vorgaben (DSGVO, TKG 2003). In diesen Datenschutz-Hinweisen erl\u00e4utern wir die zentralen Punkte der Datenverarbeitung auf unserer Webseite.<\/p><p><br><\/p>\n<p><\/p>\n<p><strong>Hinweis auf Gesch\u00e4ftsbedingungen<\/strong><\/p>\n<p>Es gelten die Allgemeinen Gesch\u00e4ftsbedingungen, wie sie von der Bundesinnung der Fotografen und dem Rechtsschutzverband der Fotografen \u00d6sterreichs (RSV) festgelegt wurden.<\/p><p><br><\/p>\n<p><\/p>\n<p><strong>Haftungshinweis<\/strong><\/p><p><em>Inhaltliche Verantwortung<\/em>: Obwohl die Inhalte dieser Seite mit gro\u00dfer Sorgfalt erstellt wurden, k\u00f6nnen wir nicht f\u00fcr deren Richtigkeit, Vollst\u00e4ndigkeit und Aktualit\u00e4t garantieren. Gem\u00e4\u00df \u00a7\u00a7 8 bis 10 TMG sind wir nicht verpflichtet, gespeicherte oder \u00fcbermittelte externe Informationen zu \u00fcberwachen. Bei Bekanntwerden von Rechtsverst\u00f6\u00dfen werden entsprechende Inhalte schnellstm\u00f6glich entfernt.<\/p>\n<p><em>Externe Links<\/em>: Diese Webseite enth\u00e4lt Verweise auf externe Seiten Dritter. F\u00fcr diese Inhalte sind wir nicht verantwortlich und k\u00f6nnen keine Haftung \u00fcbernehmen. Bei Bekanntwerden von Rechtsverst\u00f6\u00dfen werden solche Links entfernt.<\/p>\n<p><em>Hinweis zu Verlinkungen<\/em>: Das Landgericht (LG) Wien hat entschieden, dass man durch das Setzen von Links ggf. f\u00fcr die Inhalte der verlinkten Seiten mitverantwortlich gemacht werden kann. Wir distanzieren uns von den Inhalten der verlinkten Seiten und \u00fcbernehmen keine Verantwortung daf\u00fcr.<\/p>\n<p><\/p>\n<p><strong><br><\/strong><\/p><p><strong>Webanalyse<\/strong><\/p>\n<p>Diese Webseite verwendet Google Analytics, einen Dienst von Google Inc. Dabei werden &#8220;Cookies&#8221; auf Ihrem Computer gespeichert, die eine Analyse Ihrer Webseitennutzung erm\u00f6glichen. Sie k\u00f6nnen diese Speicherung in Ihren Browsereinstellungen verhindern. Dabei kann es jedoch zu Einschr\u00e4nkungen der Webseite-Funktionalit\u00e4t kommen.<\/p>\n<p><\/p>\n<p><strong><br><\/strong><\/p><p><strong>Urheberrechtshinweis<\/strong><\/p>\n<p>Die Inhalte und Bilder dieser Webseite sind urheberrechtlich gesch\u00fctzt. Eine Weitergabe, Vervielf\u00e4ltigung oder Ver\u00e4nderung ist nicht gestattet, es sei denn, es liegt eine schriftliche Zustimmung vor.<\/p>\n<p><\/p>\n<p><strong><br><\/strong><\/p><p><strong>Datenschutzbestimmungen<\/strong><\/p>\n<p>Personenbezogene Daten werden nur mit Ihrer Zustimmung erfasst. Wir betonen, dass die Daten\u00fcbertragung im Internet Sicherheitsrisiken birgt. Ein l\u00fcckenloser Schutz vor Zugriffen durch Dritte ist nicht realisierbar. Nicht angeforderte Werbung oder Informationsmaterialien, die uns zugesendet werden, sind nicht erw\u00fcnscht.<\/p>\n<p><strong>&nbsp;<\/strong><\/p>\n<p><strong>Nutzungshinweis<\/strong><\/p>\n<p>Jeder, der diese Webseite nutzt, erkl\u00e4rt sich mit der Sammlung und Verwendung seiner Daten einverstanden. Es werden anonyme Daten f\u00fcr Marketingzwecke erhoben. Pers\u00f6nliche Daten werden nicht an Dritte weitergegeben.<\/p>\t\t\t\t\t\t<\/div>\n\t\t\t\t<\/div>\n\t\t\t\t\t<\/div>\n\t\t\t\t<\/div>\n\t\t<div class=\"elementor-element elementor-element-8f91155 e-con-full e-flex wpr-particle-no wpr-jarallax-no wpr-parallax-no wpr-sticky-section-no e-con e-parent\" data-id=\"8f91155\" data-element_type=\"container\" data-settings=\"{&quot;content_width&quot;:&quot;full&quot;}\" data-core-v316-plus=\"true\">\n\t\t\t\t<div class=\"elementor-element elementor-element-9219f62 elementor-widget elementor-widget-ubermenu\" data-id=\"9219f62\" data-element_type=\"widget\" data-widget_type=\"ubermenu.default\">\n\t\t\t\t<div class=\"elementor-widget-container\">\n\t\t\t\n<!-- UberMenu [Configuration:footer_id] [Theme Loc:] [Integration:api] -->\n<!-- [UberMenu Responsive Menu Disabled] --> <nav id=\"ubermenu-footer_id-10\" class=\"ubermenu ubermenu-nojs ubermenu-footer_id ubermenu-menu-10 ubermenu-responsive-collapse ubermenu-horizontal ubermenu-transition-none ubermenu-trigger-hover ubermenu-skin-minimal  ubermenu-bar-align-full ubermenu-items-align-center ubermenu-bound ubermenu-disable-submenu-scroll ubermenu-sub-indicators ubermenu-retractors-responsive ubermenu-submenu-indicator-closes\"><ul id=\"ubermenu-nav-footer_id-10\" class=\"ubermenu-nav\" data-title=\"Footer\"><li id=\"menu-item-3705\" class=\"ubermenu-item ubermenu-item-type-post_type ubermenu-item-object-page ubermenu-item-3705 ubermenu-item-level-0 ubermenu-column ubermenu-column-auto\" ><a class=\"ubermenu-target ubermenu-item-layout-default ubermenu-item-layout-text_only\" href=\"https:\/\/leljak.at\/index.php\/impressum\/\" tabindex=\"0\"><span class=\"ubermenu-target-title ubermenu-target-text\">Imprint<\/span><\/a><\/li><li id=\"menu-item-3706\" class=\"ubermenu-item ubermenu-item-type-post_type ubermenu-item-object-page ubermenu-item-3706 ubermenu-item-level-0 ubermenu-column ubermenu-column-auto\" ><a class=\"ubermenu-target ubermenu-item-layout-default ubermenu-item-layout-text_only\" href=\"https:\/\/leljak.at\/index.php\/cookie-policy-eu\/\" tabindex=\"0\"><span class=\"ubermenu-target-title ubermenu-target-text\">Cookie Policy (EU)<\/span><\/a><\/li><li id=\"menu-item-3901\" class=\"ubermenu-item ubermenu-item-type-post_type ubermenu-item-object-page ubermenu-item-3901 ubermenu-item-level-0 ubermenu-column ubermenu-column-auto\" ><a class=\"ubermenu-target ubermenu-item-layout-default ubermenu-item-layout-text_only\" href=\"https:\/\/leljak.at\/index.php\/2-2\/\" tabindex=\"0\"><span class=\"ubermenu-target-title ubermenu-target-text\">PRIVACY NOTICE<\/span><\/a><\/li><\/ul><\/nav>\n<!-- End UberMenu -->\n\t\t<\/div>\n\t\t\t\t<\/div>\n\t\t\t\t<\/div>\n\t\t\t\t\t\t\t<\/div>\n\t\t","protected":false},"excerpt":{"rendered":"<p>WORK ABOUT CONTACT WORK ABOUT CONTACT DATENSCHUTZERKL\u00c4RUNG Datenschutzhinweis Ihre Datenschutzbelange sind uns wichtig. Deshalb behandeln wir Ihre Daten im Einklang mit den rechtlichen Vorgaben (DSGVO, TKG 2003). In diesen Datenschutz-Hinweisen erl\u00e4utern wir die zentralen Punkte der Datenverarbeitung auf unserer Webseite. Hinweis auf Gesch\u00e4ftsbedingungen Es gelten die Allgemeinen Gesch\u00e4ftsbedingungen, wie sie von der Bundesinnung der Fotografen&hellip; <a class=\"more-link\" href=\"https:\/\/leljak.at\/index.php\/2-2\/\">Continue reading <span class=\"screen-reader-text\">PRIVACY NOTICE<\/span><\/a><\/p>\n","protected":false},"author":1,"featured_media":0,"parent":0,"menu_order":0,"comment_status":"closed","ping_status":"closed","template":"elementor_canvas","meta":{"footnotes":""},"yoast_head":"<!-- This site is optimized with the Yoast SEO plugin v21.4 - https:\/\/yoast.com\/wordpress\/plugins\/seo\/ -->\n<title>PRIVACY NOTICE - Alexander Leljak Photography<\/title>\n<meta name=\"robots\" content=\"index, follow, max-snippet:-1, max-image-preview:large, max-video-preview:-1\" \/>\n<link rel=\"canonical\" href=\"https:\/\/leljak.at\/index.php\/2-2\/\" \/>\n<meta property=\"og:locale\" content=\"en_GB\" \/>\n<meta property=\"og:type\" content=\"article\" \/>\n<meta property=\"og:title\" content=\"PRIVACY NOTICE - Alexander Leljak Photography\" \/>\n<meta property=\"og:description\" content=\"WORK ABOUT CONTACT WORK ABOUT CONTACT DATENSCHUTZERKL\u00c4RUNG Datenschutzhinweis Ihre Datenschutzbelange sind uns wichtig. Deshalb behandeln wir Ihre Daten im Einklang mit den rechtlichen Vorgaben (DSGVO, TKG 2003). In diesen Datenschutz-Hinweisen erl\u00e4utern wir die zentralen Punkte der Datenverarbeitung auf unserer Webseite. Hinweis auf Gesch\u00e4ftsbedingungen Es gelten die Allgemeinen Gesch\u00e4ftsbedingungen, wie sie von der Bundesinnung der Fotografen&hellip; Continue reading PRIVACY NOTICE\" \/>\n<meta property=\"og:url\" content=\"https:\/\/leljak.at\/index.php\/2-2\/\" \/>\n<meta property=\"og:site_name\" content=\"Alexander Leljak Photography\" \/>\n<meta property=\"article:modified_time\" content=\"2023-10-11T13:49:09+00:00\" \/>\n<meta property=\"og:image\" content=\"https:\/\/leljak.at\/wp-content\/uploads\/2023\/10\/me.jpg\" \/>\n\t<meta property=\"og:image:width\" content=\"1600\" \/>\n\t<meta property=\"og:image:height\" content=\"954\" \/>\n\t<meta property=\"og:image:type\" content=\"image\/jpeg\" \/>\n<meta name=\"twitter:card\" content=\"summary_large_image\" \/>\n<meta name=\"twitter:label1\" content=\"Estimated reading time\" \/>\n\t<meta name=\"twitter:data1\" content=\"2 minutes\" \/>\n<script type=\"application\/ld+json\" class=\"yoast-schema-graph\">{\"@context\":\"https:\/\/schema.org\",\"@graph\":[{\"@type\":\"WebPage\",\"@id\":\"https:\/\/leljak.at\/index.php\/2-2\/\",\"url\":\"https:\/\/leljak.at\/index.php\/2-2\/\",\"name\":\"PRIVACY NOTICE - Alexander Leljak Photography\",\"isPartOf\":{\"@id\":\"https:\/\/leljak.at\/#website\"},\"datePublished\":\"2023-10-09T11:33:50+00:00\",\"dateModified\":\"2023-10-11T13:49:09+00:00\",\"breadcrumb\":{\"@id\":\"https:\/\/leljak.at\/index.php\/2-2\/#breadcrumb\"},\"inLanguage\":\"en-GB\",\"potentialAction\":[{\"@type\":\"ReadAction\",\"target\":[\"https:\/\/leljak.at\/index.php\/2-2\/\"]}]},{\"@type\":\"BreadcrumbList\",\"@id\":\"https:\/\/leljak.at\/index.php\/2-2\/#breadcrumb\",\"itemListElement\":[{\"@type\":\"ListItem\",\"position\":1,\"name\":\"Home\",\"item\":\"https:\/\/leljak.at\/\"},{\"@type\":\"ListItem\",\"position\":2,\"name\":\"PRIVACY NOTICE\"}]},{\"@type\":\"WebSite\",\"@id\":\"https:\/\/leljak.at\/#website\",\"url\":\"https:\/\/leljak.at\/\",\"name\":\"Alexander Leljak Photography\",\"description\":\"\",\"publisher\":{\"@id\":\"https:\/\/leljak.at\/#\/schema\/person\/30751425a7590ca6dc585180b0d48092\"},\"potentialAction\":[{\"@type\":\"SearchAction\",\"target\":{\"@type\":\"EntryPoint\",\"urlTemplate\":\"https:\/\/leljak.at\/?s={search_term_string}\"},\"query-input\":\"required name=search_term_string\"}],\"inLanguage\":\"en-GB\"},{\"@type\":[\"Person\",\"Organization\"],\"@id\":\"https:\/\/leljak.at\/#\/schema\/person\/30751425a7590ca6dc585180b0d48092\",\"name\":\"leljak.at\",\"image\":{\"@type\":\"ImageObject\",\"inLanguage\":\"en-GB\",\"@id\":\"https:\/\/leljak.at\/#\/schema\/person\/image\/\",\"url\":\"https:\/\/leljak.at\/wp-content\/uploads\/2023\/10\/me.jpg\",\"contentUrl\":\"https:\/\/leljak.at\/wp-content\/uploads\/2023\/10\/me.jpg\",\"width\":1600,\"height\":954,\"caption\":\"leljak.at\"},\"logo\":{\"@id\":\"https:\/\/leljak.at\/#\/schema\/person\/image\/\"},\"sameAs\":[\"http:\/\/leljak.at\"]}]}<\/script>\n<!-- \/ Yoast SEO plugin. -->","yoast_head_json":{"title":"PRIVACY NOTICE - Alexander Leljak Photography","robots":{"index":"index","follow":"follow","max-snippet":"max-snippet:-1","max-image-preview":"max-image-preview:large","max-video-preview":"max-video-preview:-1"},"canonical":"https:\/\/leljak.at\/index.php\/2-2\/","og_locale":"en_GB","og_type":"article","og_title":"PRIVACY NOTICE - Alexander Leljak Photography","og_description":"WORK ABOUT CONTACT WORK ABOUT CONTACT DATENSCHUTZERKL\u00c4RUNG Datenschutzhinweis Ihre Datenschutzbelange sind uns wichtig. Deshalb behandeln wir Ihre Daten im Einklang mit den rechtlichen Vorgaben (DSGVO, TKG 2003). In diesen Datenschutz-Hinweisen erl\u00e4utern wir die zentralen Punkte der Datenverarbeitung auf unserer Webseite. Hinweis auf Gesch\u00e4ftsbedingungen Es gelten die Allgemeinen Gesch\u00e4ftsbedingungen, wie sie von der Bundesinnung der Fotografen&hellip; Continue reading PRIVACY NOTICE","og_url":"https:\/\/leljak.at\/index.php\/2-2\/","og_site_name":"Alexander Leljak Photography","article_modified_time":"2023-10-11T13:49:09+00:00","og_image":[{"width":1600,"height":954,"url":"https:\/\/leljak.at\/wp-content\/uploads\/2023\/10\/me.jpg","type":"image\/jpeg"}],"twitter_card":"summary_large_image","twitter_misc":{"Estimated reading time":"2 minutes"},"schema":{"@context":"https:\/\/schema.org","@graph":[{"@type":"WebPage","@id":"https:\/\/leljak.at\/index.php\/2-2\/","url":"https:\/\/leljak.at\/index.php\/2-2\/","name":"PRIVACY NOTICE - Alexander Leljak Photography","isPartOf":{"@id":"https:\/\/leljak.at\/#website"},"datePublished":"2023-10-09T11:33:50+00:00","dateModified":"2023-10-11T13:49:09+00:00","breadcrumb":{"@id":"https:\/\/leljak.at\/index.php\/2-2\/#breadcrumb"},"inLanguage":"en-GB","potentialAction":[{"@type":"ReadAction","target":["https:\/\/leljak.at\/index.php\/2-2\/"]}]},{"@type":"BreadcrumbList","@id":"https:\/\/leljak.at\/index.php\/2-2\/#breadcrumb","itemListElement":[{"@type":"ListItem","position":1,"name":"Home","item":"https:\/\/leljak.at\/"},{"@type":"ListItem","position":2,"name":"PRIVACY NOTICE"}]},{"@type":"WebSite","@id":"https:\/\/leljak.at\/#website","url":"https:\/\/leljak.at\/","name":"Alexander Leljak Photography","description":"","publisher":{"@id":"https:\/\/leljak.at\/#\/schema\/person\/30751425a7590ca6dc585180b0d48092"},"potentialAction":[{"@type":"SearchAction","target":{"@type":"EntryPoint","urlTemplate":"https:\/\/leljak.at\/?s={search_term_string}"},"query-input":"required name=search_term_string"}],"inLanguage":"en-GB"},{"@type":["Person","Organization"],"@id":"https:\/\/leljak.at\/#\/schema\/person\/30751425a7590ca6dc585180b0d48092","name":"leljak.at","image":{"@type":"ImageObject","inLanguage":"en-GB","@id":"https:\/\/leljak.at\/#\/schema\/person\/image\/","url":"https:\/\/leljak.at\/wp-content\/uploads\/2023\/10\/me.jpg","contentUrl":"https:\/\/leljak.at\/wp-content\/uploads\/2023\/10\/me.jpg","width":1600,"height":954,"caption":"leljak.at"},"logo":{"@id":"https:\/\/leljak.at\/#\/schema\/person\/image\/"},"sameAs":["http:\/\/leljak.at"]}]}},"_links":{"self":[{"href":"https:\/\/leljak.at\/index.php\/wp-json\/wp\/v2\/pages\/3882"}],"collection":[{"href":"https:\/\/leljak.at\/index.php\/wp-json\/wp\/v2\/pages"}],"about":[{"href":"https:\/\/leljak.at\/index.php\/wp-json\/wp\/v2\/types\/page"}],"author":[{"embeddable":true,"href":"https:\/\/leljak.at\/index.php\/wp-json\/wp\/v2\/users\/1"}],"replies":[{"embeddable":true,"href":"https:\/\/leljak.at\/index.php\/wp-json\/wp\/v2\/comments?post=3882"}],"version-history":[{"count":60,"href":"https:\/\/leljak.at\/index.php\/wp-json\/wp\/v2\/pages\/3882\/revisions"}],"predecessor-version":[{"id":3945,"href":"https:\/\/leljak.at\/index.php\/wp-json\/wp\/v2\/pages\/3882\/revisions\/3945"}],"wp:attachment":[{"href":"https:\/\/leljak.at\/index.php\/wp-json\/wp\/v2\/media?parent=3882"}],"curies":[{"name":"wp","href":"https:\/\/api.w.org\/{rel}","templated":true}]}}